{"id":1712,"date":"2016-10-17T18:39:31","date_gmt":"2016-10-17T18:39:31","guid":{"rendered":"http:\/\/cyclotourers.de\/?page_id=1712"},"modified":"2016-10-17T18:41:18","modified_gmt":"2016-10-17T18:41:18","slug":"impressum","status":"publish","type":"page","link":"https:\/\/cyclotourer.de\/?page_id=1712","title":{"rendered":"Impressum"},"content":{"rendered":"<p id=\"mf101\"><strong id=\"mf102\">Impressum<\/strong><\/p>\n<p id=\"mf103\"><strong id=\"mf104\">Angaben gem\u00e4\u00df \u00a7 5 Telemediengesetz (TMG):<\/strong><\/p>\n<p id=\"mf105\">M. Schindler<\/p>\n<p>Unterecke 4<\/p>\n<p>35321 Laubach<\/p>\n<p id=\"mf108\"><strong id=\"mf109\"><a id=\"mfa31\" title=\"Kontakt\" href=\"http:\/\/www.zoom-internetagentur.com\/kontakt\">\u00a0<\/a><\/strong><\/p>\n<p id=\"mf113\"><strong id=\"mf114\">Verantwortlicher f\u00fcr den Inhalt ist gem\u00e4\u00df \u00a7 55 Abs. 2 RStV:<\/strong><\/p>\n<p id=\"mf115\">M. Schindler<\/p>\n<p>marco_schindler[at]web.de<\/p>\n<p id=\"mf118\"><strong id=\"mf119\">Ausschluss der Haftung:<\/strong><\/p>\n<p id=\"mf120\"><strong id=\"mf121\">1. Haftung f\u00fcr Inhalte<\/strong><\/p>\n<p id=\"mf122\">S\u00e4mtliche Inhalte unserer Internetseiten sind mit gr\u00f6\u00dftm\u00f6glicher Sorgfalt erstellt worden. Dennoch ist es uns nicht m\u00f6glich, eine Gew\u00e4hr daf\u00fcr zu \u00fcbernehmen, dass diese Inhalte richtig, vollst\u00e4ndig und aktuell sind. Wir sind gem\u00e4\u00df \u00a7 7 Abs. 1 TMG f\u00fcr die eigenen Inhalte auf unseren Internetseiten verantwortlich. Gem\u00e4\u00df den \u00a7\u00a7 8, 9 und 10 TMG besteht f\u00fcr uns allerdings keine Verpflichtung, dass wir Informationen von Dritten, die \u00fcbermittelt oder gespeichert wurden, \u00fcberwachen oder Umst\u00e4nde ausforschen m\u00fcssten, die Hinweise auf nicht rechtm\u00e4\u00dfige T\u00e4tigkeiten ergeben. Davon nicht ber\u00fchrt, ist unsere Verpflichtung zur Sperrung oder Entfernung von Informationen, welche uns von den allgemeinen Gesetzen auferlegt wird. Wir haften allerdings insoweit erst in dem Moment, in dem wir von einer konkreten Verletzung von Rechten Kenntnis erlangen. Wenn wir von einer solchen Verletzung von Rechten Kenntnis erlangen, wird eine unverz\u00fcgliche Entfernung der entsprechenden Inhalte erfolgen.<\/p>\n<p id=\"mf123\"><strong id=\"mf124\">2. Haftung f\u00fcr Links<\/strong><\/p>\n<p id=\"mf125\">Unsere Internetseiten enthalten Links, die zu externen Internetseiten von Dritten f\u00fchren. Auf die Inhalte dieser externen Seiten haben wir keine Einflussm\u00f6glichkeiten. Es ist uns daher nicht m\u00f6glich, eine Gew\u00e4hr f\u00fcr diese Inhalte zu \u00fcbernehmen. Die Verantwortung daf\u00fcr hat immer der jeweilige Anbieter\/Betreiber der entsprechenden Internetseiten. Wir \u00fcberpr\u00fcfen die von uns verlinkten Internetseiten zum Zeitpunkt der Verlinkung auf einen m\u00f6glichen Rechtsversto\u00df. Die Verlinkung kommt nur dann zustande, wenn ein rechtswidriger Inhalt zu diesem Zeitpunkt nicht erkennbar ist. Es kann uns jedoch, ohne einen konkreten Anhaltspunkt, nicht zugemutet werden, st\u00e4ndig die verlinkten Internetseiten inhaltlich zu kontrollieren. Wenn wir jedoch von einer Rechtsverletzung Kenntnis erlangen, werden wir den entsprechenden Link unverz\u00fcglich entfernen.<\/p>\n<p id=\"mf126\"><strong id=\"mf127\">3. Urheberrecht<\/strong><\/p>\n<p id=\"mf128\">Die auf unseren Internetseiten enthaltenen Werke und Inhalte unterstehen dem Urheberrecht. Ohne schriftliche Genehmigung des jeweiligen Erstellers oder Autors d\u00fcrfen die Werke bzw. Inhalte nicht vervielf\u00e4ltigt, bearbeitet, verbreitet und verwertet werden. Das Herunterladen und Kopieren unserer Internetseite ist f\u00fcr den privaten Gebrauch erlaubt, nicht jedoch f\u00fcr den kommerziellen. Wir weisen darauf hin, dass hinsichtlich der Inhalte auf unserer Internetseite, soweit sie nicht von uns erstellt worden sind, das Urheberrecht von Dritten beachtet wurde. Inhalte von Dritten erhalten als solche eine Kennzeichnung von uns. Wir w\u00e4ren Ihnen dankbar, wenn Sie uns einen Hinweis erteilen w\u00fcrden, falls Sie trotzdem auf eine Urheberrechtsverletzung gesto\u00dfen sind. Wenn wir von einer solchen Urheberrechtsverletzung Kenntnis erlangen, werden wir den entsprechenden Inhalt unverz\u00fcglich entfernen.<\/p>\n<p id=\"mf129\"><strong id=\"mf130\">4. Datenschutz<\/strong><\/p>\n<p id=\"mf131\">Unsere Internetseite kann regelm\u00e4\u00dfig ohne die Angabe von personenbezogenen Daten genutzt werden. Falls solche Daten (z.B. Name, Adresse oder E-Mail) doch erhoben werden sollten, geschieht das, weitestgehend m\u00f6glich, freiwillig. Eine Weitergabe dieser Daten darf nur dann erfolgen, wenn Sie ausdr\u00fccklich zustimmen.<\/p>\n<p id=\"mf132\">Die \u00dcbertragung von Daten im Internet kann Sicherheitsl\u00fccken beinhalten. Es ist daher m\u00f6glich, dass Dritte Zugriff auf diese Daten erlangen. Ein l\u00fcckenloser Schutz ist nicht m\u00f6glich.<\/p>\n<p id=\"mf133\">Wir widersprechen an dieser Stelle der Nutzung unserer Kontaktdaten, die wir im Impressum ver\u00f6ffentlicht haben, durch Dritte, die uns damit nicht verlangte Werbung\/Informationsmaterial\/Spam-Mails zukommen lassen oder zukommen lassen wollen. Sollte dies doch geschehen, behalten wir uns rechtliche Schritte dagegen vor.<\/p>\n<h3 id=\"mf93\"><strong id=\"mf94\">Datenschutzerkl\u00e4rung wegen der Verwendung von Facebook-Plugins (\u201eGef\u00e4llt-mir-Button\u201c)<\/strong><\/h3>\n<p id=\"mf95\">Unsere Internetseite enth\u00e4lt Plugins von Facebook, 1601 South California Avenue, Palo Alto, CA 94304, USA. Facebook ist ein soziales Netzwerk. Das jeweilige Plugin ist am Logo von Facebook oder dem \u201cGef\u00e4llt-mir-Button\u201d erkennbar. Die Gesamt\u00fcbersicht aller Plugins von Facebook k\u00f6nnen Sie sich unter dem nachfolgenden Link ansehen:\u00a0<a id=\"mfa31\" href=\"http:\/\/developers.facebook.com\/docs\/plugins\/\">http:\/\/developers.facebook.com\/docs\/plugins\/<\/a><\/p>\n<p id=\"mf96\">Sobald Sie unsere Internetseite frequentieren, stellt das Facebook-Plugin zwischen Ihrem Internetbrowser und den Servern von Facebook eine unmittelbare Verbindung her. Auf diesem Weg wird Facebook dar\u00fcber informiert, da\u00df mit Ihrer IP-Adresse unsere Internetseite besucht wurde. F\u00fcr den Fall, dass Sie bei Facebook eingeloggt sein sollten, k\u00f6nnen Sie mittels des \u201eGef\u00e4llt-mir-Buttons\u201c den entsprechenden Inhalt, der sich auf unserer Internetseite befindet, in Ihrem Profil bei Facebook verlinken. Es ist Facebook dann m\u00f6glich, Ihren Besuch unserer Internetseite Ihrem Facebook-Account zuzuordnen. Wir, als Anbieter unserer Internetseite, werden von Facebook nicht \u00fcber den Inhalt der \u00fcbertragenen Daten bzw. der Datennutzung informiert. Unter dem nachfolgenden Link k\u00f6nnen Sie sich weitergehend informieren:\u00a0<a id=\"mfa32\" href=\"http:\/\/de-de.facebook.com\/policy.php\">http:\/\/de-de.facebook.com\/policy.php<\/a><\/p>\n<p id=\"mf97\">F\u00fcr den Fall, da\u00df Sie Mitglied von Facebook sein sollten, jedoch nicht m\u00f6chten, da\u00df Facebook \u00fcber unsere Internetseite Daten \u00fcber Sie \u00fcbermittelt bekommt und mit Ihren Mitgliedsdaten verbindet, so m\u00fcssen Sie sich, bevor Sie unsere Internetseite aufrufen, bei Facebook ausloggen.<\/p>\n","protected":false},"excerpt":{"rendered":"<p>Impressum Angaben gem\u00e4\u00df \u00a7 5 Telemediengesetz (TMG): M. Schindler Unterecke 4 35321 Laubach \u00a0 Verantwortlicher f\u00fcr den Inhalt ist gem\u00e4\u00df \u00a7 55 Abs. 2 RStV: [&#8230;]<\/p>\n","protected":false},"author":2,"featured_media":0,"parent":2,"menu_order":0,"comment_status":"closed","ping_status":"closed","template":"","meta":{"footnotes":""},"class_list":["post-1712","page","type-page","status-publish","hentry"],"_links":{"self":[{"href":"https:\/\/cyclotourer.de\/index.php?rest_route=\/wp\/v2\/pages\/1712","targetHints":{"allow":["GET"]}}],"collection":[{"href":"https:\/\/cyclotourer.de\/index.php?rest_route=\/wp\/v2\/pages"}],"about":[{"href":"https:\/\/cyclotourer.de\/index.php?rest_route=\/wp\/v2\/types\/page"}],"author":[{"embeddable":true,"href":"https:\/\/cyclotourer.de\/index.php?rest_route=\/wp\/v2\/users\/2"}],"replies":[{"embeddable":true,"href":"https:\/\/cyclotourer.de\/index.php?rest_route=%2Fwp%2Fv2%2Fcomments&post=1712"}],"version-history":[{"count":2,"href":"https:\/\/cyclotourer.de\/index.php?rest_route=\/wp\/v2\/pages\/1712\/revisions"}],"predecessor-version":[{"id":1715,"href":"https:\/\/cyclotourer.de\/index.php?rest_route=\/wp\/v2\/pages\/1712\/revisions\/1715"}],"up":[{"embeddable":true,"href":"https:\/\/cyclotourer.de\/index.php?rest_route=\/wp\/v2\/pages\/2"}],"wp:attachment":[{"href":"https:\/\/cyclotourer.de\/index.php?rest_route=%2Fwp%2Fv2%2Fmedia&parent=1712"}],"curies":[{"name":"wp","href":"https:\/\/api.w.org\/{rel}","templated":true}]}}

<p id="mf101"><strong id="mf102">Impressum</strong></p>
<p id="mf103"><strong id="mf104">Angaben gemäß § 5 Telemediengesetz (TMG):</strong></p>
<p id="mf105">M. Schindler</p>
<p>Unterecke 4</p>
<p>35321 Laubach</p>
<p id="mf108"><strong id="mf109"><a id="mfa31" title="Kontakt" href="http://www.zoom-internetagentur.com/kontakt"> </a></strong></p>
<p id="mf113"><strong id="mf114">Verantwortlicher für den Inhalt ist gemäß § 55 Abs. 2 RStV:</strong></p>
<p id="mf115">M. Schindler</p>
<p>marco_schindler[at]web.de</p>
<p id="mf118"><strong id="mf119">Ausschluss der Haftung:</strong></p>
<p id="mf120"><strong id="mf121">1. Haftung für Inhalte</strong></p>
<p id="mf122">Sämtliche Inhalte unserer Internetseiten sind mit größtmöglicher Sorgfalt erstellt worden. Dennoch ist es uns nicht möglich, eine Gewähr dafür zu übernehmen, dass diese Inhalte richtig, vollständig und aktuell sind. Wir sind gemäß § 7 Abs. 1 TMG für die eigenen Inhalte auf unseren Internetseiten verantwortlich. Gemäß den §§ 8, 9 und 10 TMG besteht für uns allerdings keine Verpflichtung, dass wir Informationen von Dritten, die übermittelt oder gespeichert wurden, überwachen oder Umstände ausforschen müssten, die Hinweise auf nicht rechtmäßige Tätigkeiten ergeben. Davon nicht berührt, ist unsere Verpflichtung zur Sperrung oder Entfernung von Informationen, welche uns von den allgemeinen Gesetzen auferlegt wird. Wir haften allerdings insoweit erst in dem Moment, in dem wir von einer konkreten Verletzung von Rechten Kenntnis erlangen. Wenn wir von einer solchen Verletzung von Rechten Kenntnis erlangen, wird eine unverzügliche Entfernung der entsprechenden Inhalte erfolgen.</p>
<p id="mf123"><strong id="mf124">2. Haftung für Links</strong></p>
<p id="mf125">Unsere Internetseiten enthalten Links, die zu externen Internetseiten von Dritten führen. Auf die Inhalte dieser externen Seiten haben wir keine Einflussmöglichkeiten. Es ist uns daher nicht möglich, eine Gewähr für diese Inhalte zu übernehmen. Die Verantwortung dafür hat immer der jeweilige Anbieter/Betreiber der entsprechenden Internetseiten. Wir überprüfen die von uns verlinkten Internetseiten zum Zeitpunkt der Verlinkung auf einen möglichen Rechtsverstoß. Die Verlinkung kommt nur dann zustande, wenn ein rechtswidriger Inhalt zu diesem Zeitpunkt nicht erkennbar ist. Es kann uns jedoch, ohne einen konkreten Anhaltspunkt, nicht zugemutet werden, ständig die verlinkten Internetseiten inhaltlich zu kontrollieren. Wenn wir jedoch von einer Rechtsverletzung Kenntnis erlangen, werden wir den entsprechenden Link unverzüglich entfernen.</p>
<p id="mf126"><strong id="mf127">3. Urheberrecht</strong></p>
<p id="mf128">Die auf unseren Internetseiten enthaltenen Werke und Inhalte unterstehen dem Urheberrecht. Ohne schriftliche Genehmigung des jeweiligen Erstellers oder Autors dürfen die Werke bzw. Inhalte nicht vervielfältigt, bearbeitet, verbreitet und verwertet werden. Das Herunterladen und Kopieren unserer Internetseite ist für den privaten Gebrauch erlaubt, nicht jedoch für den kommerziellen. Wir weisen darauf hin, dass hinsichtlich der Inhalte auf unserer Internetseite, soweit sie nicht von uns erstellt worden sind, das Urheberrecht von Dritten beachtet wurde. Inhalte von Dritten erhalten als solche eine Kennzeichnung von uns. Wir wären Ihnen dankbar, wenn Sie uns einen Hinweis erteilen würden, falls Sie trotzdem auf eine Urheberrechtsverletzung gestoßen sind. Wenn wir von einer solchen Urheberrechtsverletzung Kenntnis erlangen, werden wir den entsprechenden Inhalt unverzüglich entfernen.</p>
<p id="mf129"><strong id="mf130">4. Datenschutz</strong></p>
<p id="mf131">Unsere Internetseite kann regelmäßig ohne die Angabe von personenbezogenen Daten genutzt werden. Falls solche Daten (z.B. Name, Adresse oder E-Mail) doch erhoben werden sollten, geschieht das, weitestgehend möglich, freiwillig. Eine Weitergabe dieser Daten darf nur dann erfolgen, wenn Sie ausdrücklich zustimmen.</p>
<p id="mf132">Die Übertragung von Daten im Internet kann Sicherheitslücken beinhalten. Es ist daher möglich, dass Dritte Zugriff auf diese Daten erlangen. Ein lückenloser Schutz ist nicht möglich.</p>
<p id="mf133">Wir widersprechen an dieser Stelle der Nutzung unserer Kontaktdaten, die wir im Impressum veröffentlicht haben, durch Dritte, die uns damit nicht verlangte Werbung/Informationsmaterial/Spam-Mails zukommen lassen oder zukommen lassen wollen. Sollte dies doch geschehen, behalten wir uns rechtliche Schritte dagegen vor.</p>
<h3 id="mf93"><strong id="mf94">Datenschutzerklärung wegen der Verwendung von Facebook-Plugins („Gefällt-mir-Button“)</strong></h3>
<p id="mf95">Unsere Internetseite enthält Plugins von Facebook, 1601 South California Avenue, Palo Alto, CA 94304, USA. Facebook ist ein soziales Netzwerk. Das jeweilige Plugin ist am Logo von Facebook oder dem “Gefällt-mir-Button” erkennbar. Die Gesamtübersicht aller Plugins von Facebook können Sie sich unter dem nachfolgenden Link ansehen: <a id="mfa31" href="http://developers.facebook.com/docs/plugins/">http://developers.facebook.com/docs/plugins/</a></p>
<p id="mf96">Sobald Sie unsere Internetseite frequentieren, stellt das Facebook-Plugin zwischen Ihrem Internetbrowser und den Servern von Facebook eine unmittelbare Verbindung her. Auf diesem Weg wird Facebook darüber informiert, daß mit Ihrer IP-Adresse unsere Internetseite besucht wurde. Für den Fall, dass Sie bei Facebook eingeloggt sein sollten, können Sie mittels des „Gefällt-mir-Buttons“ den entsprechenden Inhalt, der sich auf unserer Internetseite befindet, in Ihrem Profil bei Facebook verlinken. Es ist Facebook dann möglich, Ihren Besuch unserer Internetseite Ihrem Facebook-Account zuzuordnen. Wir, als Anbieter unserer Internetseite, werden von Facebook nicht über den Inhalt der übertragenen Daten bzw. der Datennutzung informiert. Unter dem nachfolgenden Link können Sie sich weitergehend informieren: <a id="mfa32" href="http://de-de.facebook.com/policy.php">http://de-de.facebook.com/policy.php</a></p>
<p id="mf97">Für den Fall, daß Sie Mitglied von Facebook sein sollten, jedoch nicht möchten, daß Facebook über unsere Internetseite Daten über Sie übermittelt bekommt und mit Ihren Mitgliedsdaten verbindet, so müssen Sie sich, bevor Sie unsere Internetseite aufrufen, bei Facebook ausloggen.</p>

<p>Impressum Angaben gemäß § 5 Telemediengesetz (TMG): M. Schindler Unterecke 4 35321 Laubach   Verantwortlicher für den Inhalt ist gemäß § 55 Abs. 2 RStV: [&#8230;]</p>
