{"id":9864,"date":"2026-01-05T22:41:42","date_gmt":"2026-01-05T22:41:42","guid":{"rendered":"https:\/\/cyclotourer.de\/?post_type=event&#038;p=9864"},"modified":"2026-01-05T22:59:12","modified_gmt":"2026-01-05T22:59:12","slug":"nachtmammut-ruhrgebiet","status":"publish","type":"event","link":"https:\/\/cyclotourer.de\/?event=nachtmammut-ruhrgebiet","title":{"rendered":"Nachtmammut Ruhrgebiet"},"content":{"rendered":"\n<p>(Auszug aus der Homepage des Veranstalters)<\/p>\n\n\n\n<p><strong>Mammuts, lasst uns die Nacht im Ruhrgebiet erobern!<\/strong><\/p>\n\n\n\n<p>Am 29.08.2026 gehen wir gemeinsam wieder beim Nachtmammut Ruhrgebiet an den Start. Auf den Distanzen 30 und 42 Kilometer wollen wir durch die Nacht bis an unsere pers\u00f6nlichen Grenzen und dar\u00fcber hinaus gehen! Start &amp; Ziel ist im beeindruckenden Landschaftspark Duisburg-Nord.<\/p>\n\n\n\n<p>Neben dem angestrahlten Hochofenwerk im Landschaftspark Duisburg-Nord, f\u00fchren unsere Strecken an der coolen Slinkybridge und dem beleuchteten Gasometer in Oberhausen vorbei. F\u00fcr eindrucksvolle Industriekultur auf der Strecke ist also gesorgt.<\/p>\n\n\n\n<p>Au\u00dferdem sorgen wir mit Lichtinstallationen im Landschaftspark und auf der Strecke f\u00fcr eine besondere Atmosph\u00e4re, w\u00e4hrend ihr euch die Nacht um die Ohren schlagt.<\/p>\n\n\n\n<p>Zum Sonnenaufgang begr\u00fc\u00dfen wir euch dann mit lautem Jubel und eurer wohlverdienten Medaille im Ziel, um euren gro\u00dfen Erfolg zu feiern.<\/p>\n","protected":false},"author":2,"featured_media":0,"menu_order":0,"template":"","meta":[],"event_cat":[284],"class_list":["post-9864","event","type-event","status-publish","hentry","event_cat-wandern"],"_links":{"self":[{"href":"https:\/\/cyclotourer.de\/index.php?rest_route=\/wp\/v2\/event\/9864","targetHints":{"allow":["GET"]}}],"collection":[{"href":"https:\/\/cyclotourer.de\/index.php?rest_route=\/wp\/v2\/event"}],"about":[{"href":"https:\/\/cyclotourer.de\/index.php?rest_route=\/wp\/v2\/types\/event"}],"author":[{"embeddable":true,"href":"https:\/\/cyclotourer.de\/index.php?rest_route=\/wp\/v2\/users\/2"}],"wp:attachment":[{"href":"https:\/\/cyclotourer.de\/index.php?rest_route=%2Fwp%2Fv2%2Fmedia&parent=9864"}],"wp:term":[{"taxonomy":"event_cat","embeddable":true,"href":"https:\/\/cyclotourer.de\/index.php?rest_route=%2Fwp%2Fv2%2Fevent_cat&post=9864"}],"curies":[{"name":"wp","href":"https:\/\/api.w.org\/{rel}","templated":true}]}}

<p>(Auszug aus der Homepage des Veranstalters)</p>



<p><strong>Mammuts, lasst uns die Nacht im Ruhrgebiet erobern!</strong></p>



<p>Am 29.08.2026 gehen wir gemeinsam wieder beim Nachtmammut Ruhrgebiet an den Start. Auf den Distanzen 30 und 42 Kilometer wollen wir durch die Nacht bis an unsere persönlichen Grenzen und darüber hinaus gehen! Start &amp; Ziel ist im beeindruckenden Landschaftspark Duisburg-Nord.</p>



<p>Neben dem angestrahlten Hochofenwerk im Landschaftspark Duisburg-Nord, führen unsere Strecken an der coolen Slinkybridge und dem beleuchteten Gasometer in Oberhausen vorbei. Für eindrucksvolle Industriekultur auf der Strecke ist also gesorgt.</p>



<p>Außerdem sorgen wir mit Lichtinstallationen im Landschaftspark und auf der Strecke für eine besondere Atmosphäre, während ihr euch die Nacht um die Ohren schlagt.</p>



<p>Zum Sonnenaufgang begrüßen wir euch dann mit lautem Jubel und eurer wohlverdienten Medaille im Ziel, um euren großen Erfolg zu feiern.</p>
